3) + 2.
-13
What is the value of -21 + 11 + (5 - 3) + 8?
0
What is -6 + 3 + (-8 + 22 - 9)?
2
What is 27 + 1 + (-43 - -25)?
10
What is -3 - (-12 + 16 + -6)?
-1
What is the value of -13 + 21 - 19 - (-1 - (-2 + -8))?
-20
What is -3 + -3 - 11 - -12?
-5
Evaluate 2 + 2 + -8 - -2 - (-160 + 158).
0
Evaluate (10 - 1) + 38 + -42 + 9.
14
What is 0 + -14 + 2 - (43 - (-13 + 47))?
-21
-3 + 2 + -20 + -17 + 48
10
What is (2 - 1 - 5) + (-2153 - -2162)?
5
3 - 13 - (0 + 0) - (-10 - -14)
-14
Calculate 1 + (-11 - -4) + 33 - (5 + -14).
36
(-42 - (-3 - 17)) + 14
-8
6 - (2 + 5 + -13)
12
Calculate -2 + 3 + -3 + 0.
-2
What is the value of 3 + -9 + 254 + -268?
-20
-2 + -14 - (-8 + -9 + 12)
-11
-5 + 42 - (7 - (-6 + 22)) - 9
37
13 + -13 + 0 + -1 + -6 + 14
7
What is the value of -24 + 16 + -22 + 18?
-12
Evaluate 4 + 1 - (-16 + 18).
3
Calculate 80 + (-63 - -28) - 29.
16
(1 - -6) + (-63 - -59 - (-1 + 1))
3
Evaluate 1 + 10 + 1 - 2.
10
What is the value of -12 + (-26 - -14) + 12?
-12
What is the value of 12 - (15 - -6) - (-4 + 0)?
-5
What is -13 - -2 - (-6 + 5 + 11)?
-21
What is the value of -13 + (11 - 4) - -4?
-2
Evaluate -8 - -22 - 1 - 31.
-18
What is 14 + 13 + 12 + -30 + 14?
23
What is -6 + (-4 - (-7 + 9 + -6) - -5)?
-1
What is the value of 42 - 3 - (169 + -163)?
33
What is the value of (-61 - -58) + 0 + -1?
-4
What is 7 - (6 + -31 + 40)?
-8
What is 0 - -3 - (5 + 20 - 24)?
2
Calculate -18 + (-14 - -64) - 58.
-26
What is the value of (-1 - -10) + (-56 - -46 - 0)?
-1
Evaluate 7 + (3 - (-18 + 13 + -4 + 0)).
19
Calculate -10 + 8 + (-3 - 3 - -5 - -13).
10
What is 6 - (28 + -5 + -6)?
-11
Evaluate 13 + (-8 - (-9 + 10)) + 3.
7
Calculate -9 + (24 - (1 - (-15 - -8))).
7
What is the value of 9 + -1 + 6 + (-12 - -11)?
13
(0 - 2) + 9 + 37 + -44
0
-4 - (1 + 14 + -80 + 73)
-12
What is -2 + 10 - 8 - (-1 + -10)?
11
What is -13 + (3 + -15 - -21) + 3?
-1
Evaluate -6 + (-2 + 13 - -1).
6
Calculate (142 - 181) + 10 + 0.
-29
What is the value of (-89 - -41) + (11 + -1 - -9)?
-29
What is the value of 2 + 2 + (0 - 4) + 3?
3
-10 + (-5 + 6 - ((14 - 8) + 0))
-15
Evaluate (-1 - -4 - (0 + (1 - 1))) + -22.
-19
Evaluate 15 + -4 + (2 - 0) + (1 - 5).
9
Evaluate 15 + (-1 - 7 - 0).
7
Calculate -26 + (-14 - (-77 - -5)).
32
Evaluate (287 - 266) + (-13 - -1) + 21.
30
(-9 - (3 + -5)) + 1 + -3
-9
What is the value of -3 - (11 + (-10 - 18))?
14
Calculate (-1 - -5) + (0 - -11) + -8.
7
What is (-5 - 7) + 10 - -12?
10
Evaluate 2 + 0 + (3 - (-12 + 14) - 22).
-19
Evaluate (22 - 11) + -12 - -26.
25
Calculate -26 + 16 + 3 + 27 + 2 + -3.
19
What is the value of 4 + 5 + -1 + (4 - 18) + -15?
-21
3 - (3 - 2) - ((-8 - -4) + 3)
3
Calculate 3 + 5 + -6 + 1 + 1 + -4.
0
Calculate -3 + -9 + 0 + 19.
7
47 + (3 - 58) - (0 + -14)
6
Evaluate (15 + -7 - (8 + 1 + -2)) + -8.
-7
6 + 10 + -23 + (7 - 3)
-3
What is 5 + (11 - 12) - 11?
-7
Calculate -176 + 168 - (-9 - 1).
2
What is 5 + -3 + 10 + (1 - 8)?
5
(-2 - 22) + (-47 - (1 - 44))
-28
What is (17 - (71 - 18)) + 9 + -1 + 1?
-27
Evaluate 33 - (-2 + 37 - -2).
-4
What is the value of (1 - -5 - -12 - 4) + -6?
8
What is 140 + -152 - (-20 + 2)?
6
Evaluate 11 + (11 - 25) - -16.
13
What is the value of -7 + 33 - 24 - (-3 + 1 - 6)?
10
What is 0 - -23 - ((-51 - -32) + 29)?
13
What is (1 - 11) + 20 + -26 - -5?
-11
Calculate -10 + (1 + 5 - 2) + (-23 - 1).
-30
Calculate -2 + 2 - (1 - (3 - -2 - -2)).
6
What is the value of 26 + 33 + (24 - 71)?
12
What is the value of 17 - (-9 + 15 - 0)?
11
What is 1 - -1 - -5 - (30 - -6 - 12)?
-17
Evaluate -16 - (-32 - (41 + -27)).
30
What is the value of -41 + 13 + 20 - (10 - 1)?
-17
Evaluate (-8 - -12) + 24 + -22.
6
What is the value of (-28 - -12) + 41 - (2 + 2)?
21
Calculate 10 + -4 + 5 - (-38 + 49).
0
What is the value of 14 - (-12 + 23 + 0) - -5?
8
What is 15 - ((0 - 6 - (-12 + 5)) + -1)?
15
What is 6 + 6 + 9 + -39 + 38?
20
What is (-1 - -6) + (-5 - (-8 - -9 - -11))?
-12
-1 - ((2 - -5) + 5)
-13
Calculate 45 + -32 - (21 - 3).
-5
5 + -1 + 1 + (-10 - (-15 - -22))
-12
What is the value of 0 + (-4 - (6 + (1 - 1) + -16))?
6
What is (-460 - -442) + (41 - -2)?
25
Evaluate -3 + (-1 - (6 - 2)) + -94 + 86.
-16
Evaluate (-46 - -48) + 0 + 1 - 1.
2
6 + (5 - 0 - (5 - -1)) - -6
11
Calculate -5 + (36 - 43) + 1 + 0 + 2.
-9
What is (-1 - -2 - 31) + -627 + 630?
-27
Calculate (-5 - (7 - (-5 - -12) - 7)) + -18.
-16
What is the value of 27 + -34 + 33 + -18?
8
What is the value of 224 + -231 - (-1 + 9)?
-15
Calculate 9 + (-18 - (-4 - -1)).
-6
Evaluate (6 - -5) + 6 + -24.
-7
16 + (1 - -13 - 7) + -2 + -5
16
(0 - 5) + 2 + -9 + 20 + -9
-1
-8 - -25 - (-7 + 17) - 13 - -31
25
-31 + (16 - 2) - 0
-17
(-87 - -65) + (-1 - 6) - -5
-24
Calculate (66 + -21 - 33) + 14 + 2.
28
What is 1 + -5 + 3 + 19 + -12 + -9?
-3
Calculate 22 + -31 + (1 - 11) + 30.
11
What is 0 + (8 - 49 - -28)?
-13
What is the value of 1 + (4 - 7) - (-14 - -14)?
-2
26 + -1 + (2319 - 2348)
-4
-1 - -8 - (31 - (-31 - -68))
13
Evaluate -11 + -36 + (50 - 21) + -1 + 13.
-6
What is the value of 1 + (-9 - (-6 + 1)) - 11?
-14
What is 10 - (-8 + 0 + 4 + 50 + -10)?
-26
Calculate -1 + 12 - (-15 - (-9 - -30 - 28)).
19
Calculate (-8 + -2 - (2 + (-6 - 26))) + 1.
21
Calculate 18 - -20 - (-4 + 24 + -5).
23
What is the value of (-32 - (6 + -27)) + 10?
-1
What is the value of -6 + 27 + 11 + -15 + 2?
19
What is the value of 1 + -16 + (0 - -10) - -19?
14
What is -29 + 7 + 14 + (2 + -3 - -23)?
14
Evaluate -21 + 39 + (15 - 32).
1
What is the value of 376 + -361 + -2 + -18?
-5
Evaluate -171 + 170 - ((1 - 0) + 23 + -19).
-6
234 - 257 - (-2 - (-2 + 3))
-20
Evaluate (25 - -5) + (29 - 60).
-1
-4 + 0 + (-24 - 15 - -29)
-14
Calculate 4 - -16 - (8 - 1 - -2).
11
Evaluate 0 - 2 - 8 - (36 - 61).
15
-7 + -7 - -2 - 5
-17
What is the value of -5 + 0 + 2 + (2 - 3)?
-4
What is the value of (17 - -4) + -18 - (1 - -23)?
-21
What is the value of -8 + -1 + -95 + 114?
10
Evaluate 16 + -40 + 22 + 0 + -1 + 1.
-2
Calculate -10 + (6 - (-4 + 4)) + -9.
-13
What is the value of -5 + (5 - (6 + -6) - (2 + 2))?
-4
What is 0 - (19 + -7) - -12 - 5?
-5
What is 1 - 4 - (-128 + 135)?
-10
What is the value of (3 + -1 - (5 - 11 - -6)) + 5?
7
18 + 0 + 0 - (-16 + 36 + -16)
14
Calculate -3 - 4 - -3 - (-22 + 19).
-1
What is -3 - (13 + (6 - 7) + -10) - 10?
-15
Calculate -11 - ((16 - 11) + (-11 - -4) - 5).
-4
(-31 - (-42 + 9)) + (0 - -8)
10
Calculate -10 + (11 - 2) + 8 - 4.
3
Evaluate 13 - -6 - (4 - (-3 - (2 - 4))).
14
What is the value of (6 - (6 + -1) - (1 - 2)) + 0?
2
(37 - 32) + 4 + 0 + 5
14
What is (96 - 16) + -37 - 19?
24
Evaluate 0 + 14 + -19 + 18.
13
Evaluate 355 + -362 + 6 + 1.
0
-13 - (3 - (5 + 5))
-6
What is the value of 21 + (72 - 31 - 34)?
28
Calculate (-13 - (-1 - 8)) + 6.
2
What is the value of -3 + 6 + -10 + 20 - 3?
10
13 + (-5 - (9 - 10))
9
8 - 11 - (0 + 3 + -4) - 7
-9
Calculate 142 - 148 - (-2 + -16).
12
Evaluate 37 + -36 + 46 + -40.
7
-3 + -4 + 3 - (-17 + 11 + 11)
-9
Evaluate -2 + 1 + 13 + (-16 + 10 - 2).
4
Evaluate (-4 + (-4 - -8) - 0) + -7 + -1.
-8
What is (2 - -13) + -125 + 118?
8
Evaluate -7 + (9 - -1) + 9.
12
What is the value of 2 + 6 + -426 + 426?
8
What is the value of -10 + (-15 - -20 - (1 - -12))?
-18
Calculate -22 + (10 - -1) + (1 - 11).
-21
What is (-2 - -1 - (14 - (4 - -9))) + 0?
-2
-8 + -10 + (4 - (4 - 8))
-10
What is the value of -27 - (-6 + (-15 - -11)) - -44?
27
Calculate 0 + -8 - -16 - 20.
-12
Evaluate 46 + -41 - (0 + 3 + 0) - 17.
-15
What is 7 - (-8 + 14 + 0 - 10)?
11
Evaluate (2 + -14 - (-89 - -59)) + -6 + -1.
11
What is the value of 12 + 12 + -22 + (0 - 1)?
1
Calculate 6 - (32 + (-30 - -19)).
-15
Calculate -34 + (15 - (-9 + 14)) + 7 - 7.
-24
What is -1 - -10 - (18 + -41) - (4 + -2)?
30
Calculate 15 + 4 + (-18 - 4) + (3 - 1).
-1
-8 + -6 + 13 - (3 + 2)
-6
-29 + 1 - (34 + -20 + 3 - 15)
-30
Calculate 9 - (0 - 0) - (-1351 + 1327).
33
-19 + 2 + 13 + -14 - (-6 - 0)
-12
Calculate 2 - -1 - (-13 - -12) - -2 - -4.
10
Evaluate -8 + (7 - (4 + -3 + -6)) + 0.
4
What is -13 + 1 + (-33 - -37) - -2 - -5?
-1
What is the value of -3 + (-10 - (9 + -11) - -7)?
-4
(-36 - -35) + -25 - -12
-14
What is -2 - (6 + -4) - (-70 + 47) - 9?
10
Calculate (-54 - -42) + 0 + 3.
-9
What is (1 - -14) + -116 + 95?
-6
What is the value of (-4 - -1 - (-3 + -6 + 11)) + -18?
-23
Evaluate -55 - (23 + -84) - (-2 + (-1 - -1)).
8
Evaluate -10 + (-2 - 7) + (-6 - -33).
8
What is the value of -1 - -6 - (27 +